 - 1. Let t be h(-1). Let s = 7 + t. Let z(j) = -6 + 90*j - 182*j + 89*j + 2*j**2 + 3. Give z(s).
6
Let a(o) = -19*o - 5. Let q(k) = 10*k + 3. Let b = -38 + 45. Let l(m) = b*q(m) + 4*a(m). Determine l(-1).
7
Let q(z) = -z**3 - 9*z**2 - 8*z. Let v be q(-8). Suppose v = -2*l - l + 12. Suppose -5*w - x - 3*x - 31 = 0, -l*w + x - 8 = 0. Let i(s) = -s. Calculate i(w).
3
Let p = -731 + 729. Let i(d) = -2*d**3 + d**2 + 1. Give i(p).
21
Let p(t) be the second derivative of t**5/20 + t**4/2 + t**3/3 - t**2 + 117*t. What is p(-4)?
22
Let x(j) = -2*j - 7. Let l(s) = -5*s - 22. Let n(f) = l(f) - 3*x(f). Determine n(-3).
-4
Let y(u) = 2*u**2 - 4*u**2 - 2*u**2 - 7*u + 3*u**2. Calculate y(-7).
0
Let a(c) = 10*c**2 + 24*c + 3. Let x(l) = 3*l**2 + 8*l + 1. Let h(v) = 2*a(v) - 7*x(v). Suppose -17 = -2*s - 3. Suppose -s = -0*r + r. Calculate h(r).
6
Let p be (-28)/16 - (-12)/(-48). Let f(g) = g**3 + 2*g + 3. Calculate f(p).
-9
Suppose b = 4*i - i - 12, 4*i = 4*b + 16. Suppose h + 1 - 4 = b. Suppose 0 = 3*z - 9, z = h*p + 2*z + 15. Let u(f) = f**2 + 8*f + 9. Give u(p).
-3
Suppose 2*b + x - 3 = 0, -x - 4*x = 5*b - 20. Let y be (4 + -6)/(2/b). Let r(f) = -f + 1. What is r(y)?
0
Let g(b) = b**2 + b - 6. Let i(s) = -s**2 + 8*s + 24. Let h be i(10). Suppose h*w = w - 15. Give g(w).
14
Let d(g) = 8*g - 50. Let u be d(8). Suppose 2*p + 5*t + u = 0, 3*p - 7*p - 2 = -3*t. Let x(v) = -v**3 - 2*v - 3. Determine x(p).
9
Let z(y) = y - 1. Let k(l) = -3*l - 4. Let u(o) = -k(o) - 4*z(o). Calculate u(-13).
21
Let h(c) = -c**3 - 5*c**2 - 3*c + 2. Suppose 2*o = -z - 4, 2*o + 2 = -18*z + 16*z. Give h(o).
-7
Let p(y) = -6*y - 66. Let x(w) = -2*w - 23. Let i(t) = 3*p(t) - 8*x(t). Calculate i(-8).
2
Let p(x) be the third derivative of 5/24*x**4 + 0*x - 2*x**2 + 0 + 1/2*x**3. Calculate p(-2).
-7
Let h(q) = 7*q**2 - 50*q - 40*q + 4*q**2 + 13 + 100*q + q**3. What is h(-10)?
13
Let t(j) = -j**2 + 5*j - 5. Let d be ((56/12)/7)/((-2)/(-75)). Suppose -4*a - a + d = 0. Give t(a).
-5
Let q(v) = 2*v + 9. Let a(n) = -n**2 - 6*n - 3. Let j be a(-4). Suppose -j*t = 15 + 15. Calculate q(t).
-3
Let z(h) = -4*h - 1. Suppose 0 = 3*r + 2*u + 24, r - 4*u - 7 + 1 = 0. Let y be 3/(-5) + -13*r/30. Calculate z(y).
-9
Let n(s) = 3*s**3 - 3*s**2 + 11*s - 11. Let x(p) = 2*p**3 - p**2 + 6*p - 6. Let g(a) = 3*n(a) - 5*x(a). Suppose 2*v - 2 = -c + 3*c, 3*c - 4*v = 1. What is g(c)?
7
Let y(o) = -2*o + o - 14*o**2 + 2*o**3 + 13*o**2. Let w = -91 + 90. What is y(w)?
-2
Let x(d) = -2*d - 5. Let i(o) = -18*o + 94. Let j be i(5). Calculate x(j).
-13
Let j(r) = r**2 - 8*r + 4. Let o(q) = 8*q - 1. Let l = -29 + 30. Let g be o(l). What is j(g)?
-3
Let t be 84/(15/5) - (0 + 1). Let p(v) = v**3 - 26*v**2 - 27*v + 1. Calculate p(t).
1
Let o = -696 + 696. Let w(h) be the third derivative of 5*h**2 + 0 + 1/30*h**5 + o*h + 1/3*h**3 - 1/8*h**4 + 1/120*h**6. Determine w(-3).
2
Suppose -4 - 96 = -5*x. Let u be 3/4 + (-15)/x. Let f(b) = -b - 5. Let r be f(u). Let m(g) = -g - 5. What is m(r)?
0
Let x(o) = -o**3 - 6*o**2 + 2*o - 23. Let w be x(-7). Suppose -3*m = m + w, -4*m = 5*c - 8. Let a(z) = -z**2 + 5*z - 3. Calculate a(c).
1
Let a(p) be the first derivative of 1/3*p**3 - 3/2*p**2 + 1 - 5/24*p**4 + 0*p - 1/60*p**5. Let c(k) be the second derivative of a(k). Give c(-6).
-4
Let g(r) be the second derivative of -r**5/60 + r**4/6 + r**3 - r**2/2 + r. Let a(z) be the first derivative of g(z). Let i = 1661 - 1656. Determine a(i).
1
Let g(n) = -10 + 8 - 2 - n + 6. Give g(4).
-2
Let k = -489 + 2939/6. Let a(y) be the second derivative of 2*y**2 - 5*y + 1/12*y**4 + 0 - k*y**3. Give a(4).
0
Let t(w) = -21*w + 9. Let f(j) = 59*j - 27. Let v(k) = 6*f(k) + 17*t(k). Calculate v(6).
-27
Let r(d) = -d**3 + d**2 + d - 3. Let m(b) = 3*b + 39. Let h be m(-12). Determine r(h).
-18
Let y = 63 - 73. Let z be (1 + -6)*y/(-50). Let k(d) = 20*d**2 - 1. Determine k(z).
19
Let h be (-3 + 2)*2 - -5. Let l(c) = -c - 1. Let a(v) = -3*v + 4. Let q(k) = a(k) + l(k). Calculate q(h).
-9
Let y(u) = u**2 + 3*u + 8. Suppose 23*t + 5*t = 0. Determine y(t).
8
Let k(a) = -2*a**2 + 7*a + 1. Suppose 3*s = s + 2. Let g be 18/(-4)*-2 - (s - -3). Determine k(g).
-14
Let z = -41 - -38. Let c(u) = u**2 - 4*u + 3. Let g(a) be the second derivative of -a**4/12 + 2*a**3/3 - a**2 + 2*a. Let y(p) = z*c(p) - 4*g(p). Give y(5).
4
Let k(u) = 3*u - 21. Let n = 3 + 7. Calculate k(n).
9
Let l(z) = 2*z**2 + 2*z. Suppose -3*y - 3*u + 15 = 0, 2*y = -0*y + 2*u + 2. Let g(a) = -2*a - 1. Let o be g(y). Let b be (-3)/2 + o/14. Determine l(b).
4
Let f(u) = -u**3 + 3*u**2 + 7*u + 1. Let r be f(-2). Let k(x) be the first derivative of -x**4/4 + 8*x**3/3 - 3*x**2 - x + 2. What is k(r)?
6
Suppose -6*b = 2*b - 16. Let o be b + -4 + 1 - -2. Let n(s) = -13*s + 1. Give n(o).
-12
Let s(j) be the second derivative of j**4/12 - 3*j**3/2 + 7*j**2/2 - 4*j. Let y = -2 - -10. Give s(y).
-1
Let n be ((-220)/33)/((-4)/6). Suppose 0 = 3*r - 2 - n. Let f(l) = 2*l**3 - 7*l**2 - 3*l**3 + r*l + 2*l**3 - 8 + 3*l. Give f(6).
-2
Let g(d) = -d**2 + 2*d + 3. Let w = 16 + -13. Let k = -5 + w. Determine g(k).
-5
Suppose 0 = -0*h - 4*h. Suppose h = -5*c - 3*l - 123, -c + 2*l - 21 = -l. Let g be 128/c - 2/(-6). Let f(q) = -q**2 - 4*q. What is f(g)?
-5
Let z(b) = -5 - 148*b + b**3 + 353*b - 211*b - b**2. Calculate z(5).
65
Let l(q) be the third derivative of -2*q**5/15 - q**4/12 + q**2 + 95*q. Give l(-2).
-28
Let f(c) = -222*c - 11. Let w(j) = 78*j + 4. Let a(x) = 6*f(x) + 17*w(x). Give a(3).
-16
Let z(q) be the first derivative of 2*q**3/3 + 5*q**2/2 - 7*q + 17. Suppose 64 = -12*v + 4. Give z(v).
18
Suppose -12*m - 44*m - 448 = 0. Let l(c) = c**2 + 5*c - 8. Give l(m).
16
Suppose -a + 4*g = -28, -8 = -a - 2*g + 20. Let j be (-4 + (-51)/(-12))*a. Let u(q) = -q**2 + 6*q + 5. Determine u(j).
-2
Let k be (-8)/(7 + -31)*(-1 - 2). Let z(w) = -w**3 + 2*w**2 - 3*w + 6. Let t(x) = x**2 + x - 1. Let v(g) = k*z(g) - 2*t(g). Calculate v(3).
-10
Let g = -32 - -33. Let l(p) = -g - 5 - p - p**3 + 3*p**2 - 4*p**2 - 3. Calculate l(0).
-9
Let o(h) = -h**3 + 2*h**2 - h. Suppose 7*y - 6*y + 4*j - 12 = 0, 2*j = -3*y + 16. Determine o(y).
-36
Let m be 104/18 - (-4)/18. Suppose 56 = -m*d - d. Let r(j) = -j - 5. Calculate r(d).
3
Let j(o) = -o**2 - o + 1. Let s(y) = y**3 + 9*y**2 - 4*y - 6. Let x(i) = -3*j(i) - s(i). Give x(-8).
75
Let n be (-3)/(-1) - (-92)/46. Let o(a) = 4*a - 3. Let r(i) = -9*i + 2 + 3 + 1. Let q(m) = 5*o(m) + 2*r(m). What is q(n)?
7
Let s(v) = v + 2. Suppose 0*z = z - 5. Suppose 3*o = -5*i + 137, -3*i - 184 = -z*o + 33. Let f be o/(-11)*(0 + 1). What is s(f)?
-2
Let n(s) = 5*s + 1. Let b(o) = -2*o. Let l(g) = 3*b(g) + n(g). Determine l(1).
0
Let z(u) = u**3 - 4*u**2 + 3*u. Let q be z(2). Let i be 10*-1*(q - -3). Let c = -10 - i. Let n(k) = -k**2 - k - 4. What is n(c)?
-4
Let f(l) = -2*l. Let r(h) = h**3 - 6*h**2 + 6*h + 2. Let q = 42 + -37. Let s be r(q). What is f(s)?
-14
Let f(a) = -36*a + 9*a + 12*a + 13*a - 19. What is f(-13)?
7
Let r = -48 - -21. Let j be (1/(-3))/(3/r). Let n(t) be the third derivative of -t**4/6 + 2*t**3/3 - 3*t**2. Determine n(j).
-8
Let x(i) = -i**3 + 11*i**2 - 6*i + 3. Let t(y) = y**3 - 9*y**2 + 5*y - 3. Let l(r) = -5*t(r) - 4*x(r). What is l(3)?
-18
Let k(j) = j + 19. Let u(h) = -h**3 - 53*h**2 - 2*h - 121. Let a be u(-53). What is k(a)?
4
Let g(z) be the third derivative of -z**4/24 - z**3/3 + 4*z**2. Let i be g(4). Let x be i/7*(11 - 4). Let o(r) = -r + 2. What is o(x)?
8
Let l(m) = -3*m - 9. Let n(q) = q**3 - 11*q**2 + 9*q + 13. Let f be n(10). Let x(y) = 2 + 1 + 2*y + 2 + f. Let z(v) = 4*l(v) + 5*x(v). Determine z(4).
-4
Let c = -851 - -861. Let v(j) = -2*j + 20. What is v(c)?
0
Let b(d) = -8*d + 19. Let s be b(2). Let v(y) = -6 - 1 - 4*y**s - 7*y - y**3 + 4*y**2 + 6*y**3. Calculate v(-5).
3
Let n(w) = w**2 + 14*w + 3. Let l be n(-14). Let m(u) = -2*u**3 + u**3 + 1 - 4*u**2 + 2*u**l + 6*u**2. What is m(-3)?
-8
Let d(x) = -3*x**2 + 6*x - 7. Suppose 2*y - 1 = -5, -y - 10 = -4*q. Let c be d(q). Let s(b) = -b**2 - 5*b. Determine s(c).
-14
Let w(z) = -1 - 20*z - 15*z + 55*z - 12*z. Suppose -3*v - 2 - 1 = 0. Calculate w(v).
-9
Let y(w) = 12*w + 3. Let z(q) = q**2 + 5*q + 6. Let o be z(-5). Let u(x) = 4*x + 1. Let t(a) = o*y(a) - 17*u(a). Calculate t(2).
9
Let i(r) = 2*r - 3. Let v(d) = -2*d + 9. L